 + 5*a - 9. Determine g(v).
5
Let g(j) = j**2 + 1. Suppose m = -4*s - 6, 4*m + 9 = -4*s - 3. What is g(m)?
5
Suppose -2*z + 81 = 20*d - 71, -40 = 2*z - 4*d. Let j = 1 + 1. Let n(u) = -5*u**2 + 4 + 1 + 5*u + j*u**2 - u**3. Determine n(z).
1
Let c(r) be the third derivative of -r**4/24 + 19*r**3/6 - 40*r**2 + r. Determine c(8).
11
Let j(o) = 3 + 2*o + 3 - o. Suppose 3*h = -3*p - 24, 4*h + 0*h - p + 32 = 0. Let u be (-2)/h + (-100)/16. What is j(u)?
0
Let p be 152 - -16 - (2 - -1). Suppose 2*q = 171 - p. Let j(t) be the first derivative of -t**3/3 + t**2 - 3*t - 1. Give j(q).
-6
Let q(j) = -8*j - 1. Let a be 58/3*(-15)/10. Let y = -24 - a. Suppose 8 = y*s + 13. What is q(s)?
7
Suppose 15*j - 25*j = -90. Let i(z) = -z**2 + 14*z + 3. Determine i(j).
48
Let x be -1*(-7 - -18) - -3. Let w(m) = -5*m**2 - 34*m + 20. Let z(n) = n**2 + 7*n - 4. Let h(g) = 2*w(g) + 11*z(g). Calculate h(x).
-12
Let t = -57 + 57. Suppose -2*i + 4*z + 10 = t, -14 = i - 6*i - z. Let g(o) = -o**3 + 2*o**2 - 2*o + 3. Calculate g(i).
-12
Let b(f) = f + 1. Let c be ((-12)/(-14))/(5/(-35)). Let m be 8/c - (-1848)/63. Let d = -32 + m. Give b(d).
-3
Suppose -x - 4*f + 15 = -2*f, -15 = -4*x + f. Let y(p) = 6*p**2 + 3*p - 2. Let s(q) = 5*q**2 + 2*q - 3. Let u(v) = 5*s(v) - 4*y(v). Give u(x).
8
Let f(h) = 7*h**2 + 1. Let c(g) = g**2 + 3*g - 19. Let s be c(-6). Give f(s).
8
Let s be -3*-2*(-2)/(-4). Let z(n) = -4 + 3*n - s + 6. Let j = 3 - 4. Determine z(j).
-4
Suppose -14*f - 228 = 24*f. Let q(y) = -5*y - 4. Calculate q(f).
26
Let b = -119/6 + 20. Let z(v) be the third derivative of 1/60*v**5 + 0*v + b*v**4 + 0 + 5*v**2 - 7/6*v**3. Calculate z(-5).
-2
Let r(m) be the first derivative of m**7/840 - 7*m**6/360 + m**5/30 + m**4/12 - 5*m**3 + 11. Let p(c) be the third derivative of r(c). Give p(6).
-10
Let h = 14 - 11. Let b(v) = -1 + v**2 + 2 - v**h - 2*v**2 + v. Let t be b(0). Let i(x) = 2*x**3 - x**2. Calculate i(t).
1
Let f be (-56)/(-14) - (10 + -2). Let o(n) = n**2 + 3*n - 6. Calculate o(f).
-2
Let x(n) = 64*n - 444. Let m be x(7). Let t(h) = h**3 - 2*h**2 + 6*h - 2. Calculate t(m).
54
Let c(z) = 3*z**3 - 8*z**2 - 7*z - 6. Suppose 9*o - 4*o - 10 = 0. Let l(i) = 13*i**3 - 33*i**2 - 29*i - 23. Let w(m) = o*l(m) - 9*c(m). Calculate w(7).
-6
Let n(l) = l**3 - 3*l**2 + 7*l + 4. Let a(h) = h**2 - h - 1. Let g(q) = -5*a(q) - n(q). Give g(2).
-19
Let t(p) = p**2 + 6*p - 6. Let r(v) = -v**2 - 4*v + 4. Let j(s) = -5*r(s) - 3*t(s). Determine j(2).
10
Let g(n) be the first derivative of n**2/2 + 12*n - 84. Determine g(-14).
-2
Let w = -37 - -13. Let o = 31 - 6. Let u = w + o. Let b(t) = -3*t**2 - t. Give b(u).
-4
Let t(z) = -4*z + 6. Let k be (-4 - -5)/(1/(-15)*3). Calculate t(k).
26
Let o(g) = -2*g**3 + 3*g**2 - 2*g + 8. Let k(x) = -11*x**3 + 13*x**2 - 9*x + 36. Let f(b) = 2*k(b) - 9*o(b). Let u = -2 - -1. What is f(u)?
3
Suppose 6*d = 3*d + 4*b + 65, 72 = 4*d + 2*b. Suppose 2*t + 31 = 5*n + 3*t, -3*n - t + d = 0. Let j(a) = 51 + 62 - 108 + 39*a - 40*a. Give j(n).
-1
Let n be 0 + 0 - -15 - 0. Suppose -3*c - n = -0*c. Let y(k) = k**3 + 4*k**2 - 3*k. Give y(c).
-10
Let a(r) = r - 2. Let c(v) = -v - 2. Let s be c(-7). Let o be a(s). Let p(y) = -2*y**3 + 3*y**2 + 4*y + 1. Give p(o).
-14
Suppose -2*t + 2*a = -132, 3*t + a + 9 = 219. Let f(h) = -133 - 7*h + 72 + t + h**2. Give f(6).
2
Let l = 1047 - 1042. Let z(w) = w**3 - 4*w**2 - 5*w + 6. Give z(l).
6
Suppose 2*j - 4*x - 24 = 0, 0*x = -2*j - x - 1. Let c be 15/9*(-1 - j). Let r(l) = -l**2 - 5*l - 3. Determine r(c).
-3
Let h(g) = 6*g + g**2 - 2*g**2 + g**2 + 3*g**2 - 2*g**2 + 6. Suppose -5*z - 1 - 4 = 0. Let s = z + -3. Give h(s).
-2
Let x = -14 - 17. Let b = 34 + x. Let d(t) = t**3 - 2*t**2 - 2*t - 1. Calculate d(b).
2
Let l(d) = d**2 - 5*d - 8. Let f(p) = p + 2. Let m = 6 + -2. Suppose -4*z = m*j, -3*z = -2*j + 38 - 13. Let o be f(j). What is l(o)?
6
Let m(k) be the second derivative of -k**5/20 - k**4/6 - k**3/6 + 5*k**2/2 + 22*k. What is m(-4)?
41
Let s(r) = r**3 - 7*r**2 + 2*r + 3. Let g = 46 + -21. Suppose 3*t = 9, 0*b + g = 4*b - t. Determine s(b).
17
Let a(m) = -5 - 35*m**3 - 9*m + 7*m**2 + 3*m + 36*m**3. What is a(-8)?
-21
Let d(f) = 15*f + f**2 - 24*f - 3 + 11*f. Let z = 10 + -15. Calculate d(z).
12
Let a(b) be the first derivative of -b**2/2 - 7*b - 99. Let i(f) = -f**3 - 2*f**2 + f + 2. Let d be i(-2). Determine a(d).
-7
Let m(d) = 3*d - 20. Let g be m(9). Let o(a) = -5*a + 11. Let b(h) = -2*h + 5. Let k(t) = g*b(t) - 3*o(t). Determine k(-6).
-4
Let o = 5285 + -5279. Let w(v) = -v**2 - 7*v - v + 8 + 2*v**2. What is w(o)?
-4
Suppose -3*r + 21 = 2*l - 0*r, 3*l = -5*r + 31. Suppose l = -4*m - 0. Let c(h) = h**3 + 3*h**2 + h. What is c(m)?
-3
Let q = -13 - -15. Let d(a) be the first derivative of -4*a + 7 - 1/2*a**q. Give d(-8).
4
Let o(n) = 2*n. Let d(k) = 11*k - 14. Let w(b) = -d(b) + 5*o(b). Calculate w(14).
0
Suppose 18 = -3*k + 3*o, 3*o - 14 = 5*k - 3*k. Let s(n) = -n**2 - 5*n - 8. What is s(k)?
-4
Let v(z) = z + 11. Let l be 18/(-108) + (-92)/24. What is v(l)?
7
Let i(v) = 2*v - 5. Let u(w) = -2*w + 4. Let t(g) = 3*i(g) + 4*u(g). Give t(-2).
5
Let t(r) = -2*r**2 - 9*r + 7. Let y be t(-6). Let s(x) = x + 18. Let f(w) = 3*w + 53. Let l(p) = y*s(p) + 4*f(p). Give l(-8).
6
Let h(m) = 14*m**2 + 5*m + 5. Let o be h(-2). Let j = o - 53. Let b(a) = 4 - 4 + a - 2. Give b(j).
-4
Let w(s) be the second derivative of -s**6/720 + s**5/120 + 25*s**4/6 - 4*s + 5. Let y(u) be the third derivative of w(u). Determine y(3).
-2
Let h(v) = v**2 + v + 5. Let w be ((-2)/(-3))/((-276)/(-135) - 2). Let p = 19 - w. Determine h(p).
25
Let j(l) = 15*l**2 + 34*l + 6. Let b(p) = -7*p**2 - 16*p - 3. Let g(m) = -13*b(m) - 6*j(m). Let c be (-32)/20 - 2/5. Calculate g(c).
-1
Let c = -36 - -35. Let n be (1 - (-5)/20)/(c/4). Let u(w) = -w + 3. Determine u(n).
8
Let o(c) be the first derivative of c**3/3 + c - 60. Let k = -14 + 17. Determine o(k).
10
Let o(z) = 3*z + 2. Let t(v) be the first derivative of -5*v**2/2 - 4*v + 13. Let a(r) = -5*o(r) - 2*t(r). Give a(-2).
8
Let l(x) = -2*x**2 - 21*x - 11. Suppose -p = -6*c + 5*c + 11, 3*c = 3. Give l(p).
-1
Let i(h) = -4*h**2 - h + 2*h + 7 + 7*h - h**3. Let l(g) = -2*g**2 - 30*g + 27. Let q be l(-16). Give i(q).
-8
Let a = 505 - 505. Let j(f) = f - 34. Determine j(a).
-34
Let a(u) = 3*u + 1 + 9*u**2 - 3*u + u. Suppose 117*m - 127*m = 10. What is a(m)?
9
Let a(t) be the second derivative of -t**4/12 + 5*t**3/3 - 3*t**2/2 - 269*t. Determine a(8).
13
Let q(s) = -41*s + 32. Let b(w) = -14*w + 11. Let d(n) = 17*b(n) - 6*q(n). Determine d(3).
19
Let x be ((-1)/(-3)*3)/(1/2). Let s(f) = f**3 - 6*f**2 - 2*f + 10*f**2 - x*f**3 - f. Give s(4).
-12
Let m(q) = 25 + 5*q**2 - 1801*q - 29 + 1812*q - 4*q**2. Calculate m(-9).
-22
Let r(w) be the second derivative of 9*w**5/20 - w**4/12 - w**3/6 + w**2/2 + 10*w. Suppose -5*t + 0*s + 11 = 3*s, -2*s + 9 = 5*t. Calculate r(t).
8
Let i(v) = 4*v**2 - 8*v - 18. Let w(y) = y**2 - 6. Let z(s) = -i(s) + 3*w(s). What is z(8)?
0
Let o(g) = -3 + 3 - 4 - g**2 - 30 - 11 + 21*g. Determine o(18).
9
Let u(s) = 62*s - 1 - 63*s + 16. Let d be u(13). Suppose 0 = d*c - 4*c. Let b(h) = -h**2 - h - 11. Calculate b(c).
-11
Let a(s) = -s**3 - 3*s**2 - 4*s - 2. Let w be a(-2). Let j(b) be the second derivative of b**5/20 - b**4/6 + b**3/3 + b**2/2 + 551*b. Calculate j(w).
5
Let i(z) = 2*z + 3*z + 3*z - 9*z. Let p be (-123)/9 - 2/6. Let m = 9 + p. What is i(m)?
5
Let h(x) = -6*x**2 - 2*x - 1. Let d(t) = t**3 + 7*t**2 - 9*t - 9. Suppose 0 = -4*v - 28 - 4. Let b be d(v). Calculate h(b).
-5
Let d(x) = 5*x - 3. Suppose -6*q - 37 + 67 = 0. Determine d(q).
22
Let s(q) = -q + 10. Let g be s(8). Let t(p) = g - 2*p - 2 + 2 - 3. What is t(-2)?
3
Let i be 13 - 6*42/36. Let f(a) = a - 9. Calculate f(i).
-3
Suppose -5*r = -5*s - 14 - 11, -1 = -5*r - 3*s. Let k(l) = -8*l**2 + 8*l - 5. Let q(y) = -17*y**2 + 17*y - 11. Let u(h) = 13*k(h) - 6*q(h). Determine u(r).
-3
Let q(k) = k**2 - 7*k - 4. Suppose 3*w - 38 = -5*x, -7*x - 31 = -11*x - 3*w. Calculate q(x).
-4
Let i(r) = 13*r**3 + 28*r**2 - 20*r + 15. Let p(f) = -3*f**3 - 7*f**2 + 5*f - 4. Let y(a) = -2*i(a) - 9*p(a). What is y(-8)?
-18
Let k(c) = -3 - 1 - c**2 + 2*c**3 + 0 + 3 + 2*c. Let h = -1 - -10. Suppose 0*w + 3*q - h = 3*w, -4*w - 4*q = -20. What is k(w)?
2
Let v(y) = -y**2 